et y be x*((-5)/(-2) - -1). What is the greatest common factor of y and 147?
21
Suppose 2*o + 0*i = 2*i + 12, 5*o = -5*i. Suppose -12 = -o*u, -96 = -2*b + u - 3*u. What is the greatest common divisor of 4 and b?
4
Let y(i) = 6*i**3 - 7*i**2 + 5*i - 6. Let z be y(5). Suppose z = -3*r + 6*r. What is the greatest common divisor of 18 and r?
18
Let d = 358 - 218. Suppose -5*r = -0*r - d. What is the highest common factor of 4 and r?
4
Suppose 15 = 5*r - 10. Suppose -r*a - 5*i + 92 = -2*a, 5*i + 100 = 5*a. What is the highest common divisor of 3 and a?
3
Let o(w) = 71*w - 18. Let x be o(8). Calculate the greatest common divisor of 50 and x.
50
Let a(g) = 6*g - 112. Let j be a(20). What is the greatest common divisor of 64 and j?
8
Suppose -2*v = -4*c - 18 - 142, -2*v = -3*c - 165. Calculate the greatest common divisor of v and 30.
30
Let r(k) = -k**3 - k**2 + k + 1. Let q be r(-2). Suppose -69 + 9 = -q*c. What is the greatest common factor of c and 220?
20
Suppose -35 - 37 = -2*h. Calculate the highest common divisor of h and 18.
18
Let p = 5 + -4. Suppose -l + 13 + p = 0. Calculate the highest common factor of 21 and l.
7
Let s be (-3)/(-5) - 192/(-30). Let x = -5 + 12. What is the greatest common factor of x and s?
7
Let n = 33 + -19. Let l = -25 + 7. Let d be 24/l*3/(-2). Calculate the greatest common divisor of d and n.
2
Let n = -1 - 7. Let y be (-59)/(-1) + 9 + n. What is the greatest common divisor of 24 and y?
12
Suppose -60 = -5*g + g. Suppose 0 = -3*p + p - 6. Let f be 1/(1/(-25))*p. Calculate the greatest common divisor of g and f.
15
Let o be (-6)/33 - (-159)/(-33). Let g = o + 19. What is the greatest common factor of 2 and g?
2
Let n(q) = 3*q**2 + 5*q + 5. Let x be n(-2). Suppose 3*m - x*m + 112 = 0. Suppose -43 = -l + 41. Calculate the highest common divisor of l and m.
28
Suppose 3*q + 4*k = -2*q, 0 = 5*k. Suppose 3*d - 3*j - 39 = q, -2*j - 3 = -d + 9. What is the highest common factor of d and 70?
14
Let f be -1 - (2 - 1 - 2). Let j = f - -20. Calculate the highest common factor of j and 220.
20
Let i = -7 + 14. Let n be (6/4)/(i/14). Suppose 0 = -v + n*v - 52. What is the highest common divisor of v and 13?
13
Let t = 2 - 0. Let f = 10 + t. Let c = -88 - -136. What is the greatest common factor of f and c?
12
Let b be (-9)/18 + (-14)/(-4). Calculate the highest common divisor of b and 33.
3
Suppose -2*l - 95 = -7*l. Let s(i) = 9*i**2 - 2*i + 6. Let d be s(2). Calculate the greatest common factor of d and l.
19
Suppose -4*n = -n, 4*c - n - 64 = 0. Let p = 35 - c. Calculate the greatest common factor of p and 19.
19
Suppose -2*w + 3*t = -1, 2*w - 7*w + 5*t + 5 = 0. Let g = 0 + w. Suppose -g*v - 2*v = -1100. Calculate the greatest common divisor of v and 25.
25
Let d be 46/(-4) - (-2)/4. Let v(z) = -z + 4. Let h be v(d). Let w be (-1 + -3)*h/(-4). What is the highest common factor of 3 and w?
3
Suppose -9 - 3 = -z. Calculate the highest common factor of 30 and z.
6
Let w(j) = j**2 + 3*j + 3. Let k be w(-2). Suppose 4*c - k - 31 = 0. What is the highest common factor of c and 20?
4
Suppose -v + x = -2, -2*x = v - 2*v + 5. Let f be (1*v)/(2 - 3). Let b be f*119 + 2 + 0. Calculate the highest common divisor of 11 and b.
11
Let u be 5 - (3 - 0)/3. Suppose -u*m + 333 = 13. Calculate the greatest common factor of m and 16.
16
Suppose -2*n - o = 30, 6*o = 2*o. Let g = n - -33. Calculate the highest common factor of 9 and g.
9
Suppose 6*f - f + 10 = 0. Let o = 4 + f. Suppose 0 = -0*x - o*x + 22. What is the greatest common divisor of x and 44?
11
Suppose -3*v = -3*z + 21, -2*z - 8 = 3*v + 3. Let s = -1 + z. Suppose 2*g - 6 = -0*g. What is the highest common factor of s and g?
1
Suppose 1 = 5*i - 9. Calculate the greatest common factor of 5 and i.
1
Let m = 25 + 19. Suppose 2*q - 6*q = -16. Calculate the highest common divisor of m and q.
4
Let x = 96 + -72. What is the greatest common divisor of x and 60?
12
Let m be 3/(-1) + -1 + 17. What is the greatest common divisor of m and 117?
13
Let f = -42 - -75. Suppose -3*k + 22 + 44 = 0. Calculate the greatest common factor of k and f.
11
Suppose -29*k + 27*k = -6. What is the greatest common divisor of k and 7?
1
Let v be (-23 + 27)/((-2)/(-12)). What is the greatest common divisor of 3 and v?
3
Let a be (-33)/2 - 1/(-2). Let x = 26 + a. What is the highest common factor of 40 and x?
10
Let p(x) = -2*x**3 - 3*x**2 - 4*x - 2. Let v be p(-2). Let q be (8/v)/(1/(-5)). Let d = 17 - q. Calculate the highest common divisor of 42 and d.
21
Suppose 2*v = -2*i - 3*i - 33, 5*v + 35 = -3*i. Let b(z) = 3*z**2. Let j be b(i). What is the greatest common divisor of j and 30?
15
Let k(a) = a**3 - 11*a**2 + 10*a + 3. Let j be k(10). Calculate the greatest common divisor of 9 and j.
3
Suppose -9*p + 177 = -12. Let j be (8/(-6) + 2)*126. What is the greatest common factor of j and p?
21
Let q be 3 + -5*1/(-5). What is the greatest common divisor of q and 8?
4
Suppose -3*q = -q - 2. Let s = -4 - -6. Suppose -4*i + 10 = -2*h, -s*i - h = 2*i - 25. What is the highest common factor of i and q?
1
Let j(l) = -l**2 - 9*l - 8. Let c be j(-5). What is the greatest common factor of c and 18?
6
Let z(k) = -k**3 + 9*k**2 - 4*k + 23. Let m be z(8). Calculate the highest common divisor of 605 and m.
55
Suppose 19 = 2*b + 1. Let t be (-7)/56 + (-18)/(-16). Calculate the highest common factor of t and b.
1
Suppose 4*j - 23 = -4*d + 49, 0 = -4*j + 3*d + 100. What is the highest common divisor of 242 and j?
22
Suppose 8*v - 60 - 4 = 0. Calculate the greatest common factor of 36 and v.
4
Let q be (-1)/(-3) - 20/15. Let w be 2/4 - q/(-2). Suppose d - 3*d + 120 = w. Calculate the highest common divisor of d and 24.
12
Let p be (-80)/12*(0 + 6). Let w be (-16)/p*(0 + 270). What is the greatest common divisor of w and 27?
27
Let r(d) = 3*d + 2. Let w be r(1). Let m be ((-6)/w)/((-8)/60). What is the highest common divisor of m and 72?
9
Let k be (3/4)/((-2)/(-8)). Suppose 2*j + k*j = 45. Let z = -3 + j. Calculate the highest common factor of z and 4.
2
Suppose 2*b = 4*g - 22, 4*b + 33 = 2*g - 5*g. Let n be 42/(-10)*(4 + b). Calculate the greatest common divisor of 14 and n.
7
Let y be 2 - -1*(-3)/(-1). Let z = y + 7. What is the highest common factor of z and 3?
3
Suppose 0 = -11*w + 8*w + 12. Suppose u + 12 - 34 = 0. Let g = 34 - u. What is the highest common factor of w and g?
4
Let x be (104/10)/((-14)/(-70)). What is the greatest common divisor of 13 and x?
13
Let m(p) = -32*p + 3 - 47*p - 13*p. Let f be m(-2). Let l = 35 + -18. What is the highest common divisor of f and l?
17
Let j(a) = 17*a + 9. Let n be j(9). Calculate the greatest common factor of n and 18.
18
Suppose -5*i = 2*c - 4*c - 128, -4 = -4*c. Suppose -2*t = -t - 10. Let x = i - t. Calculate the greatest common divisor of 144 and x.
16
Suppose 5*q = 15, 0 = c + q + 2*q - 9. Suppose b + b + 7 = 3*n, b + 3*n - 19 = c. Suppose -60 = b*a - 148. What is the highest common divisor of a and 11?
11
Let t(f) = -2*f - 12. Let b be (-1)/(-3) + 124/(-12). Let s be t(b). Calculate the highest common factor of s and 40.
8
Suppose -2*r + 32 = 2*f, f + f - 16 = 2*r. What is the greatest common factor of f and 18?
6
Suppose -2*o + 5 = -4*u - 15, -2*o + 23 = -5*u. Suppose -l + 2*l = -o. Let k be ((-18)/l)/((-1)/(-4)). What is the highest common factor of 18 and k?
18
Suppose -3*s + 40 = 4. Let h be ((-12)/(-30))/(2/240). Calculate the greatest common divisor of s and h.
12
Let q be 3/5 + 679/(-70)*-2. Calculate the greatest common factor of 100 and q.
20
Let x be (3/((-18)/20))/((-20)/750). Calculate the highest common divisor of x and 25.
25
Suppose c = 4*v - 12, 5*c - 14 = -34. Let k(p) = -p**3 - 2*p**2 + p - 4. Let a be k(-3). Calculate the highest common divisor of a and v.
2
Suppose -46 = -5*p + 49. Calculate the highest common factor of p and 38.
19
Suppose 3*u + 3*q - 184 - 143 = 0, 3*q + 333 = 3*u. Calculate the highest common divisor of 10 and u.
10
Let x be (-3 + 2)/(2/(-6)). Suppose -12 = x*p - 4*p. Calculate the highest common divisor of 36 and p.
12
Suppose -2*m - 8 = -3*m. What is the greatest common factor of 8 and m?
8
Let a = 313 + 15. Calculate the highest common divisor of a and 41.
41
Let p(o) = -o**3 + o**2 + 4. Let c be p(0). Let f be (84/(-9))/c*-3. Let v be